bc711
In base 14, what is 2b771 - -62?
2b7d3
In base 3, what is -1100020 - 1200012020200?
-1200020120220
In base 2, what is 1010110001000110110111110 - -1?
1010110001000110110111111
In base 10, what is 16452 + 468?
16920
In base 2, what is 10000111110001100011 - -11100?
10000111110001111111
In base 4, what is -2322 - 1011323120?
-1011332102
In base 13, what is -14 + -1370a0?
-1370b4
In base 6, what is 2132112101 - -2?
2132112103
In base 2, what is 1 + -10010011110001000100?
-10010011110001000011
In base 16, what is 16 - -6a0ae?
6a0c4
In base 5, what is 103312003002 + 1?
103312003003
In base 16, what is -6 + -1905fe?
-190604
In base 11, what is 38782 + -11a4?
37589
In base 10, what is 51391310 - -1?
51391311
In base 16, what is -ee2 + -19614?
-1a4f6
In base 12, what is 90051 - -11b?
90170
In base 12, what is 3108639 - 0?
3108639
In base 4, what is 23321020032 - 2?
23321020030
In base 4, what is -13321213021332 + 10?
-13321213021322
In base 16, what is -153239 + 6?
-153233
In base 3, what is -110220222101 - 221?
-110221000022
In base 16, what is 0 - 82a847?
-82a847
In base 15, what is 9 - -32889a?
3288a4
In base 15, what is 1c59 + -5624?
-38ba
In base 10, what is 240878 + -494?
240384
In base 11, what is 1 + -2706676?
-2706675
In base 10, what is 105217 - 382?
104835
In base 14, what is -64c8 + b8a?
-573c
In base 6, what is 202115 - 22310?
135405
In base 13, what is -5 - 75c5444?
-75c5449
In base 13, what is cabb - -62c?
1041a
In base 14, what is 2 - -353d154?
353d156
In base 3, what is 11 + -121111120220220?
-121111120220202
In base 16, what is -3 + -1cce877?
-1cce87a
In base 4, what is 12232231131 - -11?
12232231202
In base 14, what is -8436 + 335?
-8101
In base 2, what is -101 - -10111001110101001111100100?
10111001110101001111011111
In base 4, what is 2113101310 - 100332?
2113000312
In base 5, what is -2 - 3101200413?
-3101200420
In base 9, what is -27 - -30602113?
30602075
In base 9, what is 11348444 + 2?
11348446
In base 11, what is 9 + 1858a87?
1858a95
In base 8, what is 513 - 710101?
-707366
In base 2, what is 11000110 + 10110110011100?
10111001100010
In base 14, what is -1 - -4635669?
4635668
In base 11, what is 163011 - -25a?
163270
In base 4, what is -3 - 2332022321301?
-2332022321310
In base 12, what is 9 - -156b10ab?
156b10b8
In base 4, what is -1111031313 - -321?
-1111030332
In base 5, what is 112 + 23443002443?
23443003110
In base 11, what is -217490a6 - -2?
-217490a4
In base 4, what is -3021333222 + -130?
-3022000012
In base 4, what is -3 + 32221130013?
32221130010
In base 11, what is 7999a + -37?
79963
In base 13, what is 789a5b4 - -1?
789a5b5
In base 10, what is 29907 - 12888?
17019
In base 2, what is -1111 + 1010001101100111010110010?
1010001101100111010100011
In base 12, what is 10 + -7791a?
-7790a
In base 13, what is c540 + 1622?
10b62
In base 15, what is -14ec5a1 - c?
-14ec5ad
In base 5, what is 10240314040 + -111?
10240313424
In base 12, what is 673bb63 + 1?
673bb64
In base 8, what is 1753163272 + 4?
1753163276
In base 10, what is -567414 + -98?
-567512
In base 4, what is -12002 + -22323133?
-23001201
In base 10, what is -2 + -66933781?
-66933783
In base 6, what is -2 + -505224124?
-505224130
In base 3, what is -10021210 - 1001202?
-11100112
In base 13, what is -13 + -104762?
-104775
In base 13, what is 7354c5 + -5a?
735468
In base 2, what is 1100111 - 11010111001011001?
-11010110111110010
In base 16, what is -ddb + 97?
-d44
In base 10, what is -18784 + -12490?
-31274
In base 11, what is 5 - 56648a8a?
-56648a85
In base 15, what is 13d6b0 + -12d?
13d582
In base 10, what is -521 + 211054?
210533
In base 9, what is -10136168 + -135?
-10136314
In base 15, what is 488c06 + -2?
488c04
In base 7, what is 423264 - -4026?
430323
In base 8, what is 10 - 6711047?
-6711037
In base 8, what is 1 - 15520622?
-15520621
In base 12, what is 525488 + 4?
525490
In base 15, what is -20e + 2ed8?
2cc9
In base 14, what is -4b5dc8 + 55?
-4b5d73
In base 16, what is -5a43b59 + -4?
-5a43b5d
In base 11, what is -17797043 - -3?
-17797040
In base 16, what is -7c8 + b2e?
366
In base 11, what is 6117 - 22?
60a5
In base 15, what is -32058 + 55?
-32003
In base 12, what is -14b4 - -631?
-a83
In base 5, what is -402 + -43402?
-44304
In base 16, what is -25a + -103c?
-1296
In base 4, what is -3 + -221010023012?
-221010023021
In base 2, what is -100110001 - 1011000111111110000?
-1011001000100100001
In base 16, what is 0 - bf91bc?
-bf91bc
In base 13, what is 60 + -17427?
-17397
In base 7, what is 5023304066 - -1?
5023304100
In base 14, what is -4904 - -74?
-4870
In base 10, what is -5 + 12911123?
12911118
In base 14, what is 626c67 - -6?
626c6d
In base 3, what is -2112020 + -1111121012?
-1121010102
In base 14, what is -34c611 - -4?
-34c60b
In base 4, what is 32 - 3202310333?
-3202310301
In base 8, what is 13256 - -56163?
71441
In base 11, what is -255 + -2241?
-2496
In base 9, what is -3 + -3860326?
-3860330
In base 8, what is -5 - 44570572?
-44570577
In base 15, what is -2084273 - -c?
-2084266
In base 3, what is -122222122021000112 - 10?
-122222122021000122
In base 6, what is 1 - 150100534?
-150100533
In base 13, what is 18b009 - a9?
18ac30
In base 14, what is -4d504 - -8?
-4d4da
In base 16, what is 12e229 + -193?
12e096
In base 2, what is -10 - -1111010111001010000011?
1111010111001010000001
In base 5, what is -4012 + 41201?
32134
In base 10, what is -5053934 + 1?
-5053933
In base 8, what is 210266667 - 0?
210266667
In base 7, what is 155152531 - 32?
155152466
In base 10, what is -14798 - 980?
-15778
In base 16, what is 4 - bb3bdff?
-bb3bdfb
In base 7, what is -1644010 - -11215?
-1632462
In base 10, what is -1 + -35886195?
-35886196
In base 3, what is -1002122000 + -12210000?
-1022102000
In base 2, what is 1 + -111101011000001000001001?
-111101011000001000001000
In base 12, what is 3 + -1306079?
-1306076
In base 15, what is -20a0 - 14023?
-160c3
In base 13, what is -16cc1 + 0?
-16cc1
In base 12, what is 3 + 229650?
229653
In base 3, what is -2101 + 21010211221?
21010202120
In base 6, what is -13 - -43554135?
43554122
In base 13, what is -3 + c1a86a1?
c1a869b
In base 9, what is -5 + -856357?
-856363
In base 11, what is -82965 - 6354?
-89209
In base 10, what is -827464 - -109?
-827355
In base 15, what is 1 + -1a76973?
-1a76972
In base 6, what is 120523252 - -4?
120523300
In base 2, what is -101110011111010111010 - -10010111?
-101110011111000100011
In base 8, what is -22632 + -4513?
-27345
In base 2, what is 10001110010011100101111 - -11010?
10001110010011101001001
In base 16, what is -e20f + 95?
-e17a
In base 12, what is 2 - 23a5776?
-23a5774
In base 2, what is -10100101001111101 + 11100?
-10100101001100001
In base 15, what is -13d953c - 5?
-13d9542
In base 10, what is -31900 + -4?
-31904
In base 11, what is -932a170 + -1a?
-932a18a
In base 13, what is -4cb - -2c3a?
273c
In base 6, what is 222 - 1221240?
-1221014
In base 3, what is 12 + -1121102120021200?
-1121102120021111
In base 15, what is -43337 - 49d?
-437d5
In base 8, what is 20526 - 17350?
1156
In base 10, what is -4 - -2604660?
2604656
In base 8, what is -2 - -542542143?
542542141
In base 3, what is 0 - 10201101002001?
-10201101002001
In base 14, what is -3cd - 4b586?
-4b975
In base 11, what is -273 - 47363?
-47626
In base 7, what is 44545 + 12616?
60464
In base 16, what is -7ad0 - 2b1?
-7d81
In base 12, what is -101930556 - -4?
-101930552
In base 9, what is 68 + -11?
57
In base 12, what is -258b1 - -17a6?
-24107
In base 10, what is -943911 + -44?
-943955
In base 15, what is 4 + -1540ce94?
-1540ce90
In base 6, what is 2313 + -54014?
-51301
In base 13, what is 3756a2a + -2?
3756a28
In base 8, what is 33014342 + -10?
33014332
In base 4, what is -101230000 - -300?
-101223100
In base 14, what is 3 + -304707?
-304704
In base 14, what is -852785 - 6?
-85278b
In base 13, what is 21523 - -40?
21563
In base 4, what is -3231 + 1332002?
1322111
In base 11, what is 3a48672 + 0?
3a48672
In base 8, what is 711 + -30225?
-27314
In base 16, what is -39f - 9a8?
-d47
In base 15, what is -9501b - -5?
-95016
In base 15, what is 5d951c6 - 5?
5d951c1
In base 5, what is 13221 + -1313431?
-1300210
In base 10, what is 706974 + 11?
706985
In base 3, what is -110 + -21210122221111?
-21210122221221
In base 11, what is 4 + 2406